 3*q - 10 = -4*z. Suppose 7*n - 4*c = z*n, 5*n = 4*c - 18. Let a(g) = 3 + 0*g + 6 + 0*g + 2*g. What is a(n)?
-3
Let n(f) = -20*f + 2. Let o(s) = 3*s. Let g(p) = -n(p) - 6*o(p). Calculate g(3).
4
Suppose 24 = 2*k + 4*p, -2*p = 5*k - 4 - 16. Suppose 2*i - 20 = -k*i, 2*i = 5*f. Let q(c) = 8*c - c**f - 2 - 3 + 0. Determine q(6).
7
Let n(z) = 4*z + 0*z**3 + 1 + z**3 - z + 7*z**2 - 2*z**2. Let d be -3 - (2 - (-3 + 2 + 3)). Calculate n(d).
10
Suppose 548*m = 567*m + 114. Let d(l) = 3*l + 1. Calculate d(m).
-17
Let q(p) = -12*p**2 + 7*p + 65. Let b(o) = 19*o**2 - 11*o - 97. Let i(n) = -5*b(n) - 8*q(n). What is i(0)?
-35
Let s(j) be the first derivative of -j**4/4 + 4*j**3 + j + 64. What is s(12)?
1
Suppose 26 = 12*f + 2. Let q(v) = 1 + 32*v + f - 64*v + 33*v. What is q(-5)?
-2
Let x be 226/(-8) + (-2)/(-8). Let b = x + 26. Let i(r) be the third derivative of r**5/60 + r**4/12 + r**3/6 + 8*r**2. Calculate i(b).
1
Suppose 0 = 5*t - 5*q + 75, -5*q - 3 = -4*q. Let n(o) = -o**2 - 18*o + 2. Determine n(t).
2
Let w(m) = -m**3 + 4*m**2 - 2*m + 6. Let p = -54 + 76. Let d = -18 + p. Give w(d).
-2
Let b(p) = -31*p - 211. Let m be b(-7). Let a(k) = k**3 - 5*k**2 - 5*k - 8. What is a(m)?
-2
Let f(a) = 5*a**2 + a**2 + a**3 + 1 + 5 + a + a**2 + 2. Calculate f(-7).
1
Let r(q) be the second derivative of 13*q**5/10 - q**4/12 - q**3/6 - q**2/2 - 2*q - 329. Determine r(-1).
-27
Suppose 0 = 2*a - t - 10, a - 4*t = 6 + 6. Suppose 5*z + a = s - 6, -2*z = -3*s + 4. Let r(x) = -x**3 + x**2 + x + 8. Calculate r(s).
8
Let g(y) = -2*y**3 - y**2 + 1. Let l(w) = 3*w**3 + 7*w**2 + 7*w - 1. Let z(n) = -2*g(n) - l(n). What is z(6)?
-7
Let p(y) = 4*y - 6*y - 5*y - 45 - y + y. Give p(-6).
-3
Suppose -5*z + 24 = -16. Let n(v) = 8*v - 11. Let k(y) = 23*y - 32. Let p(f) = -6*k(f) + 17*n(f). Determine p(z).
-11
Suppose 97*n - 77*n + 200 = 0. Let q(w) = w**3 + 9*w**2 - 12*w. Determine q(n).
20
Let m(d) = -d**3 - d**2 + 4*d. Let i be 14 - (-2)/5*-10. Suppose 0*v = -4*v + 5*o - 27, 3*v - 5*o = -14. Let t = v + i. Give m(t).
6
Let n(p) = p - 3. Let l(d) = -5*d + 11. Let h(t) = -4*l(t) - 18*n(t). Determine h(8).
26
Let s(y) = y**3 + 3*y**2 + 4*y + 1. Let a(u) = 3*u**3 + 6*u**2 + 8*u + 2. Let g(q) = 2*a(q) - 5*s(q). Give g(4).
-1
Let n(a) = a + 2. Let w be n(-5). Suppose -4*c + 2 = -10. Let x(y) = 3*y**3 - 2*y**c + 5*y**2 + y - 2*y**2 - 2. What is x(w)?
-5
Let h(f) = 20*f + 20. Let o(d) = -d - 1. Let c(x) = -h(x) - 3*o(x). Let s(m) = -8*m - 8. Let b(k) = 6*c(k) - 13*s(k). Suppose 3 = 4*t - 5. What is b(t)?
6
Let w(i) be the first derivative of -i**4/12 + 7*i**3/6 + 39*i**2/2 + 27. Let s(k) be the second derivative of w(k). Calculate s(6).
-5
Let y(h) be the first derivative of -1/24*h**4 + 0*h + 3/2*h**2 + 0*h**3 - 1/30*h**5 + 1. Let t(r) be the second derivative of y(r). What is t(-2)?
-6
Let y = -5 + 8. Let k = y + -2. Let x(u) = -7 + 3*u**2 + 20 - 6 - 6. Determine x(k).
4
Suppose -2*z = -4*s + 10, 0*s - 5*z - 25 = -3*s. Let d(a) = a + 3. Let q be d(-1). Let b(k) = q + 6*k - 1 - 5*k + 0*k. Calculate b(s).
1
Let s be (-4)/(-6) + (-5*(-7)/105 - 3). Let x be -2 - ((1 - 1) + -5). Let n(y) = 3*y - x*y - y + 1. What is n(s)?
3
Let v(j) be the third derivative of -j**5/60 + 5*j**4/24 + 7*j**3 + 49*j**2 + 3. What is v(9)?
6
Let d(l) = 4*l - 16. Let w(r) = 9*r - 33. Let n(k) = 5*d(k) - 2*w(k). Calculate n(12).
10
Let z(b) = b + 2. Let f be z(4). Let r(n) = 5*n**2 + 5 + 496*n**3 - 988*n**3 + 491*n**3 + 5*n. Determine r(f).
-1
Let a(o) = o**2 - 1. Let t be 190/3 + 16/(-12). Let u be (t/4)/(2/(-4)). Let z = u + 30. What is a(z)?
0
Suppose -44 = -4*w + 5*t, -3*w - 4*t - 2 = t. Let k(g) = -8*g + 1. Let b(o) = -o - 1. Let x(f) = -6*b(f) + k(f). What is x(w)?
-5
Let w be (-10 + 1)/((-1)/(-1)). Let h(v) = -v**3 - 4*v**2 + 3*v - 9. Let b be h(-5). Let z be (1 - b) + w + 11. Let g(p) = -p**3 + p. Calculate g(z).
-6
Suppose m = 1, 0 = -w + 5*w + m - 117. Suppose -6*x - 7 = w. Let b(h) = -h**2 - 10*h - 9. Give b(x).
15
Let c(y) be the second derivative of y**5/20 + 5*y**4/12 + 2*y**2 - y + 7. Determine c(-5).
4
Let a(p) = -p**2 + 5*p - 2. Let j = -23 + 23. Suppose 4*w + 3*t - 28 = 2*t, -2*w - 2*t + 20 = j. Give a(w).
-8
Let x(a) = -a + 15. Suppose -8 + 68 = 5*w. Let s be x(w). Let k(b) = 6*b + s - 1 - 7 + b**2. Give k(-6).
-5
Let d(x) be the first derivative of x**4/12 + x**3/2 - 3*x**2/2 + 4*x - 2. Let s(l) be the first derivative of d(l). Determine s(-3).
-3
Let v(d) = -d + 14*d**2 - 7*d**2 + 0*d - 6*d**2. Determine v(-2).
6
Let q(y) = -10*y**2 - 16*y + 16. Let n(h) = 6*h**2 + 11*h - 11. Let r(d) = -7*n(d) - 5*q(d). Calculate r(2).
35
Let w be (-26)/(-5) + 0 - (-65)/(-325). Let f(x) = -x**3 + 3*x**2 + 5*x. Give f(w).
-25
Let v(o) = o**2 + 17*o - 27. Suppose g = -2*h - 40, -36 + 100 = -4*h + 2*g. Determine v(h).
-9
Let p(f) = -f**3 + 4*f**2 + 3*f - 2. Let w be (-4)/5 + 48/10. Let q be 17/w - ((-5)/(-4) - 1). Give p(q).
10
Suppose 10*y = 7*y - 4*i - 14, -4*i - 20 = 0. Let c(r) = 3*r**2 + r - 1. Calculate c(y).
13
Let i be 36 + (3 - -1)/(-1). Suppose 30*t - i*t - 58 = 0. Let y = t - -31. Let h(f) = f + 1. Give h(y).
3
Let n(c) be the first derivative of -c**4/4 - 5*c**3/3 + 5*c**2/2 - c + 223. Give n(-6).
5
Let g(h) = -h + 2. Let n(u) = 1. Let r(j) = g(j) + 4*n(j). Let b be r(4). Let x(p) = 0*p**2 + 2*p**2 - 3*p**2 + 0*p**b - 5*p + 1. Determine x(-4).
5
Let u(i) = 13*i**2 - 117*i + 2. Let h be u(9). Let l(r) = 18*r + 1. Determine l(h).
37
Let r(b) = b**2 - 5*b + 4. Let t(l) = 5 + 4*l - l**2 - 4 + 0*l + 2. Let m be t(4). Calculate r(m).
-2
Let b(h) = -2*h**3 + h**2 + h - 1. Let t(o) = -9*o**3 + 15*o**2 - 16*o + 8. Let g(y) = 4*b(y) - t(y). Give g(9).
6
Let k(r) be the third derivative of r**5/60 - r**4/12 - 2*r**3/3 + 2*r**2 + 13. What is k(6)?
20
Suppose 5*n - 3*a + 21 = 0, -3*n + 2*a - 24 = 2*n. Let z(j) be the first derivative of -j**2/2 + 617. Calculate z(n).
6
Let i(y) = -24*y**3 - y**2 + 1. Suppose b - 4 = 0, -2*b = -8*q + 4*q - 12. Give i(q).
24
Let v(i) be the first derivative of -2*i**3 + i + 1. Suppose 5*j - 8 = 3*a, -a + 2 + 2 = 0. Suppose -9*l - 5 = -j*l. Determine v(l).
-5
Let k be 5/15*6 + 14. Suppose -20*i - 32 = -k*i. Let o(a) = a**2 + 8*a - 6. Give o(i).
-6
Let b(v) = -11*v**2 + 6*v + 5. Let k(w) be the first derivative of w**2/2 + w - 4. Let g(t) = b(t) - 6*k(t). Give g(-1).
-12
Let t(m) = -2*m + 12. Suppose 2*r - 3*w - 8 - 1 = 0, -5*w + 5 = 0. Let y be t(r). Let j(v) = v + 6. Give j(y).
6
Suppose 4*l - 2*l - 10 = 0. Suppose 5*m - 25 = 0, -l*y - m - 15 = -2*m. Let u(r) = r**2 + 4*r + 3. Determine u(y).
-1
Let s(l) = 1337*l**3 + 13*l**2 - 5 - 1336*l**3 - l**2 + 10*l. What is s(-11)?
6
Let q = 14 - 12. Suppose q*k = f, -5*f + 25 = 4*k - 3. Let a(t) = 2 + 2*t**k - t**2 - 1. Give a(0).
1
Let u(f) = -f**3 + 6*f**2 - 2*f - 4. Suppose -2*m = -3*i + i + 2, 0 = m - 3*i + 3. Suppose -5*p - n = -30, m = -0*p - p + 3*n - 10. Determine u(p).
11
Suppose 0 = 3*x - 4*x. Suppose 2*z - 4*z = x. Let w(p) = -p**3 - p**2 + 19. What is w(z)?
19
Let h(a) = -a + 2. Let b be (1210/66 - (-1)/(-3))/2. Calculate h(b).
-7
Let g be (-232)/16 - 3/6. Let l(a) = 2*a + 21. Give l(g).
-9
Suppose -2*b - g + 1 = 0, 0 = 2*b + 3*g - 5*g - 16. Let p(n) = -2*n**2 + 1 + 2*n**2 - 458*n - n**2 + 459*n. What is p(b)?
-5
Let w(s) = 15*s + 25. Let u(g) = -7*g - 12. Let a(r) = -13*u(r) - 6*w(r). Suppose -46*q + 79 = 401. What is a(q)?
-1
Let u(b) = b - 6. Let i(l) = l**3 + 14*l**2 + 2. Let s be i(-14). Let j = 5 + s. Determine u(j).
1
Let p = 1217 + -1215. Let d(y) be the third derivative of 0*y + 0 + 1/24*y**4 + 6*y**p - 1/3*y**3 - 1/30*y**5 + 1/120*y**6. Give d(3).
10
Suppose s = -2 + 11. Suppose -s*u + u = 0. Let p(l) = -l - 4. Calculate p(u).
-4
Let y(s) = s**2 - 4*s - 1. Let h(j) = j**2 + 1. Suppose -p - 3*a - 7 = 4, -5*p - a + 1 = 0. Let l(o) = p*y(o) - 2*h(o). Let c be (-2)/6 + 22/(-6). Give l(c).
-3
Let d(z) be the second derivative of 5*z**4/12 + z**3/2 - z**2 - 163*z. What is d(1)?
6
Let a(x) = x**2 - 40. Let u be a(-6). Let z be (2/u*8)/(-2)*2. Let l(i) = 2*i - 3. What is l(z)?
5
Let b(w) = -w**3 - 4*w**2 - 2*w - 3. Let g be (-2 - (-20)/15)*2*3. What is b(g)?
5
Let c(v) = 23*v + 117. Let n be c(-5). Let r = 1 - 0. Let g(h) = 4*h**2 - 2*h + 2 + 0 - r - h**3. Calculate g(n).
5
Let f = -15 + 58. Let g(v) = 89 - 47 - 4*v - f. Give g